*2 + 58*r - 229. Give u(6).
11
Let b(r) = 8*r + 133. Determine b(-8).
69
Let q(f) = f**3 - 27*f**2 - 33*f + 259. Calculate q(28).
119
Let d(b) = 18*b**2 - 178*b - 27. Calculate d(10).
-7
Let h(p) = -p**3 + 2*p**2 + 16*p - 1. Give h(0).
-1
Let a(y) = 2297*y + 16084. Determine a(-7).
5
Let x(c) = c**2 + 94*c - 824. Calculate x(8).
-8
Let w(l) = -l**3 - 7*l**2 - 111*l - 415. Calculate w(-4).
-19
Let f(u) = 695*u + 80619. Give f(-116).
-1
Let g(i) = -1451*i - 2884. Determine g(-2).
18
Let u(k) = 4*k**2 + 629*k + 8022. What is u(-14)?
0
Let k(w) = -5*w**2 - 139*w + 287. Give k(2).
-11
Let f(a) = 54*a + 1448. Determine f(-27).
-10
Let c(z) = 2*z**3 - 4*z**2 + 44*z - 120. What is c(3)?
30
Let c(g) = -181*g + 9220. Determine c(51).
-11
Let o(p) = p**3 + 8*p**2 + 3892*p + 23286. Determine o(-6).
6
Let u(b) = -34*b**3 - 5*b**2 + 8*b + 3. Calculate u(-3).
852
Let w(s) = -567*s - 19845. What is w(-35)?
0
Let u(j) = 3*j**2 - 40*j - 25. Calculate u(17).
162
Let w(l) = 3*l**3 + 4*l**2 + 40*l - 44. Give w(1).
3
Let k(z) = -3*z**2 + 26*z + 82. What is k(11)?
5
Let f(x) = 93*x + 3551. Calculate f(-38).
17
Let r(j) = 3*j**2 - 55*j + 64. Determine r(17).
-4
Let v(a) = -331*a + 1327. Calculate v(5).
-328
Let i(r) = -2*r**3 + 20*r**2 + 14*r + 101. Calculate i(10).
241
Let g(s) = s**3 + 29*s**2 + 151*s - 68. Give g(-22).
-2
Let g(n) = n**2 + 55*n - 433. Give g(8).
71
Let a(d) = -d**3 - 21*d**2 - 38*d - 51. What is a(-19)?
-51
Let d(z) = 3*z**3 + 22*z**2 + 6*z + 11. Give d(-9).
-448
Let p(c) = c**3 - 16*c**2 + 15*c - 48. Calculate p(15).
-48
Let i(l) = -197*l - 1459. Give i(-7).
-80
Let w(p) = 3*p**3 + 35*p**2 + 93*p - 25. Calculate w(-5).
10
Let y(k) = -k**3 - 6*k**2 - k - 82. Calculate y(-6).
-76
Let c(q) = -11*q - 1289. Give c(-121).
42
Let l(n) = 3*n**2 + 2664*n + 7973. Determine l(-3).
8
Let q(r) = 15*r - 246. What is q(17)?
9
Let b(f) = -256*f - 17891. What is b(-70)?
29
Let f(l) = -3*l**2 + 38*l - 214. Determine f(5).
-99
Let h(a) = a**2 - 658*a - 4666. Calculate h(-7).
-11
Let n(j) = 1735*j + 15628. What is n(-9)?
13
Let g(i) = -8*i**3 + 3*i**2 + 7*i + 3. Calculate g(-1).
7
Let v(p) = 54*p - 812. Determine v(11).
-218
Let o(s) = -47*s**2 + 80*s + 2. Determine o(2).
-26
Let r(v) = 12*v**3 - 84*v**2 + 9*v - 7. What is r(7)?
56
Let b(n) = -4*n**2 + 134*n + 35. Give b(37).
-483
Let y(g) = -2*g**3 + 5*g**2 + 5*g + 161. Calculate y(0).
161
Let h(d) = 4*d**2 - 43*d - 19. Calculate h(13).
98
Let b(k) = k**2 - 15*k - 648. What is b(-19)?
-2
Let u(a) = -15*a**3 + a**2 + a - 1. Give u(-1).
14
Let m(q) = 140*q + 164. Calculate m(-2).
-116
Let v(j) = 181*j - 3801. Calculate v(21).
0
Let s(y) = -7*y**2 + y + 26. Determine s(-2).
-4
Let q(l) = -150*l**3 - 747*l**2 + 14*l - 18. Calculate q(-5).
-13
Let v(y) = -6*y**3 - 56*y**2 + 169*y + 6. Calculate v(3).
-153
Let b(p) = -35*p**3 + 8*p**2 + 13*p - 58. Calculate b(3).
-892
Let p(d) = -24*d**2 + 7226*d - 607. What is p(301)?
-5
Let b(g) = -3035*g + 9138. Give b(3).
33
Let f(u) = u**2 + 176*u - 1319. Calculate f(7).
-38
Let a(d) = -3*d**2 - 136*d + 128. What is a(-48)?
-256
Let t(f) = 78*f. Determine t(1).
78
Let p(q) = -516*q + 6681. Give p(13).
-27
Let h(k) = 78*k**2 + 357*k - 158. Give h(-5).
7
Let b(n) = 18*n**2 + 196*n - 27. Determine b(-11).
-5
Let c(a) = -28*a + 65. What is c(1)?
37
Let j(z) = 2*z**3 + 24*z**2 - 52*z + 64. Determine j(-14).
8
Let q(n) = n**2 + 151*n + 5863. Give q(-81).
193
Let a(n) = -1439*n + 8575. Calculate a(6).
-59
Let t(b) = -100*b - 4539. Determine t(-45).
-39
Let y(l) = 3*l**3 + l**2 - 49*l - 281. Calculate y(-6).
-599
Let t(n) = -2*n**3 + 15*n**2 - 43*n + 215. What is t(7)?
-37
Let l(k) = -k**3 + 15*k**2 - 43*k - 15. Give l(10).
55
Let i(s) = s**2 - 23*s - 10841. What is i(116)?
-53
Let k(h) = 27*h + 505. Give k(-24).
-143
Let y(q) = -3*q**3 - 58*q**2 + 52*q + 81. What is y(-20)?
-159
Let f(h) = h**2 + 91*h + 11. Give f(0).
11
Let o(b) = 8*b + 371. Calculate o(-50).
-29
Let v(w) = w**3 - 5*w**2 - 68*w + 293. Determine v(9).
5
Let m(h) = h**3 - 16*h**2 - 3*h - 9. Give m(0).
-9
Let k(x) = -x**3 - 2*x**2 + 1371*x - 77. Calculate k(36).
31
Let s(v) = 5*v**2 + 34*v - 13. Give s(-7).
-6
Let i(z) = -z**3 + 220*z**2 + 223*z - 485. Calculate i(221).
-43
Let v(w) = w**3 - 9*w**2 - 4*w. Determine v(10).
60
Let f(l) = -14*l**2 - 55*l + 3. Calculate f(-4).
-1
Let q(a) = -128*a**2 - 2566*a - 127. Calculate q(-20).
-7
Let h(w) = -3*w**2 + 19*w + 54. What is h(0)?
54
Let y(p) = -11*p + 70. What is y(0)?
70
Let u(v) = 2*v**3 - 22*v**2 + 41*v + 11. Calculate u(2).
21
Let p(f) = -4*f**3 + 94*f**2 - 49*f + 65. Determine p(23).
-4
Let d(f) = f**3 - 3*f**2 - 27*f + 89. What is d(6)?
35
Let d(u) = -u**2 + 126*u - 1268. Determine d(115).
-3
Let z(i) = -3*i**2 - 405*i + 6756. What is z(-150)?
6
Let x(d) = 43*d - 664. Determine x(16).
24
Let l(f) = 362*f**2 - 5066*f - 41. What is l(14)?
-13
Let g(j) = 41*j**3 - j**2 - 2*j - 3. Calculate g(-1).
-43
Let y(i) = -i**3 - 41*i**2 - 29*i - 4948. What is y(-43)?
-3
Let u(s) = s**2 + 5*s - 16. Determine u(11).
160
Let x(f) = f**3 + 16*f**2 + 65*f + 401. Give x(-14).
-117
Let q(b) = -b**3 - 25*b**2 + 62*b + 1538. What is q(-25)?
-12
Let z(r) = -r**2 - 18*r - 76. Calculate z(-11).
1
Let i(b) = 2*b**2 + 65*b + 504. Determine i(-26).
166
Let b(u) = -708*u + 1670. Determine b(3).
-454
Let x(y) = 16*y**3 - 64*y**2 - 2*y + 5. Give x(4).
-3
Let c(h) = h**3 - 2*h**2 + 9. What is c(-2)?
-7
Let k(s) = s**3 - 3*s**2 - 24*s - 3. What is k(-4)?
-19
Let y(s) = -4*s**2 - 23*s + 3530. Give y(27).
-7
Let m(u) = u**2 + 11*u + 29. What is m(-11)?
29
Let n(g) = g**2 - 73*g + 826. Give n(59).
0
Let c(q) = -q**2 - 13*q - 21. Determine c(-2).
1
Let u(h) = h**2 + 20*h + 60. Give u(-14).
-24
Let i(k) = 9*k**2 - 272*k + 761. Calculate i(27).
-22
Let i(a) = -a**3 + 7*a**2 - 16*a. Determine i(4).
-16
Let i(s) = -18*s - 1864. Give i(-102).
-28
Let b(y) = 2*y**3 - 9*y**2 + 12*y - 4. Calculate b(2).
0
Let t(d) = 231*d - 1621. What is t(7)?
-4
Let h(l) = -184*l**3 + 2*l**2 - 7*l + 3. What is h(1)?
-186
Let q(b) = b**3 - 105*b**2 - 323*b + 84. Calculate q(108).
192
Let b(w) = -w**3 - 28*w**2 - 28*w + 2. What is b(-27)?
29
Let y(a) = 44*a + 997. Determine y(-22).
29
Let b(i) = -2*i**3 + 2*i**2 + 28*i - 97. Calculate b(4).
-81
Let d(c) = -25*c**2 + 11*c - 37. Determine d(3).
-229
Let n(h) = 53*h + 5. Give n(-6).
-313
Let x(t) = 3987*t + 47859. Calculate x(-12).
15
Let a(f) = 49*f + 530. Calculate a(-10).
40
Let q(l) = l**2 - 43*l + 248. Calculate q(35).
-32
Let k(p) = -2*p**2 + 235*p - 1859. Give k(109).
-6
Let k(r) = 63*r**2 - 13*r - 15. What is k(-2)?
263
Let m(f) = -f**3 - 124*f**2 - 1350*f - 729. Calculate m(-112).
-57
Let o(z) = -z**3 + 38*z**2 + 536*z + 139. Give o(49).
-8
Let n(v) = 135*v + 400. Calculate n(-3).
-5
Let t(l) = -5*l**3 + 110*l**2 - 111*l + 2. Calculate t(1).
-4
Let c(a) = 3*a**3 - 11*a**2 + 5*a - 12. What is c(4)?
24
Let d(l) = -15*l - 810. Give d(-57).
45
Let b(p) = p**3 - 28*p**2 + 33*p + 64. Calculate b(27).
226
Let p(k) = 24*k + 36. Give p(1).
60
Let s(q) = -4*q**3 + 11*q**2 + 8*q - 9. What is s(2)?
19
Let x(f) = f**3 + 5*f**2 - f - 21. What is x(-4)?
-1
Let s(c) = -79*c - 84. Determine s(-1).
-5
Let j(k) = 55*k + 608. What is j(-4)?
388
Let v(w) = 14*w - 2. What is v(-6)?
-86
Let x(u) = u**3 - 77*u**2 + 487*u + 174. Give x(70).
-36
Let n(i) = 17233*i + 51702. Calculate n(-3).
3
Let x(c) = -27*c + 47. Determine x(9).
-196
Let z(m) = 149*m + 446. What is z(-3)?
-1
Let g(a) = -14*a**2 + 47*a - 22. Determine g(7).
-379
Let i(a) = 14*a**2 + 64*a + 3. Determine i(-5).
33
Let y(d) = 4*d**2 + 77*d - 30. Calculate y(-19).
-49
Let b(w) = -82*w - 679. Determine b(-9).
59
Let t(n) = n**2 + 90*n - 737. What is t(8)?
47
Let v(h) = 101*h + 583. Give v(-8).
-225
Let l(h) = -263*h + 8780. Determine l(34).
-162
Let l(u) = 67122*u - 604094. Determine l(9).
4
Let l(k) = k**3 + 10*k**2 + 18*k + 7. Calculate l(-6).
43
Let j(m) = m**3 + 31*m**2 + 62*m + 63. Calculate j(-29).
-53
Let l(o) = -194*o + 8539. Give l(44).
3
Let p(h) = h**3 - 118*h**2 + 233*h - 92. Give p(116).
24
Let c(y) = 125*y - 11. What is c(1)?
114
Let x(c) = 19*c - 28. Give x(0).
-28
Let d(v) = -18*v + 673. Give d(40).
-47
Let z(w) = -42*w + 557. What is z(13)?
11
Let h(z) = -z**3 + 15*z**2 - 636*z + 8707. Calculate h(14).
-1
Let j(y) = 4*